 + (-2)/t?
3
Let h(w) = -6*w - 93. List the prime factors of h(-23).
3, 5
Let y(r) = 15 - 12*r**2 - 13*r - 17*r + 16*r + r**3. Let p be y(13). Suppose p*w = 3*w - 19. List the prime factors of w.
19
Suppose 6877 = 3*g + 2*c, 0*c + 2*c + 4578 = 2*g. What are the prime factors of g?
29, 79
Let d(q) = 237*q**2 + 13*q - 15. List the prime factors of d(2).
7, 137
List the prime factors of -5 + (-4 + 4 + 2 - -476).
11, 43
Let q = 101 - 95. List the prime factors of 3*(-4)/q*3*-3.
2, 3
Let g(c) = 5*c**2 - 10*c + 4. List the prime factors of g(9).
11, 29
Let y = 154 + -96. What are the prime factors of y?
2, 29
Let o = 20 + -12. Suppose 6*j = -3*m + 2*j + o, 2*j - 4 = 2*m. Suppose 19 = a + 3*r, -r - 3 + m = -a. List the prime factors of a.
7
Suppose -2*s = h + 2*h - 1437, -5*h = 4*s - 2397. Let l = h - 340. Let w = -88 + l. List the prime factors of w.
7
Let n(a) = -a**3 - 11*a**2 - 8*a + 16. Let u be n(-12). Let z = u + -164. What are the prime factors of z?
2, 23
Let i(g) = -11*g**3 - g**2 - g + 24. List the prime factors of i(-4).
2, 179
Let a(j) = j**2 - 23 - 14*j - j**2 + 13*j + 2*j**2. List the prime factors of a(-7).
2, 41
Let z(d) = 0*d - 4*d**2 + 0 - 1 + 3*d**3 + 2*d. List the prime factors of z(3).
2, 5
Suppose -12 + 4 = -2*z. Suppose 5*n + 10 = 0, -3*k + 5*n = z*n - 308. What are the prime factors of k?
2, 3, 17
Let y(x) = -6*x - 15. Let r(p) = 19*p + 46. Let g(w) = 6*r(w) + 17*y(w). What are the prime factors of g(11)?
3, 17
Let w be 6/((-6)/(9/3)) + 1041. Let a = w - 736. What are the prime factors of a?
2, 151
Let c = 11 + -7. Suppose -30 = -2*m + 5*w, -c*m + 0*w = 3*w - 34. Suppose -3*f - 5*r + 60 = 0, 0 = f - 0*f + 5*r - m. List the prime factors of f.
5
Suppose 2*b = -0*b + 4*r + 2298, -4636 = -4*b - 2*r. List the prime factors of b.
13, 89
Suppose -13*g - 3*x = -10*g - 639, 0 = -4*g - 5*x + 853. What are the prime factors of g?
2, 53
Let z(v) be the second derivative of v**4/12 - v**3 + 21*v**2/2 - 12*v. What are the prime factors of z(9)?
2, 3
Suppose 3*k - 124 = -2*v, -5*v = 2*k - 4*k + 108. Let u(a) = 23*a - 28. Let h be u(2). Let y = k - h. What are the prime factors of y?
2, 13
Let q(c) = -356 + 47*c + 356. List the prime factors of q(2).
2, 47
Let y = -83 - -3701. List the prime factors of y.
2, 3, 67
Suppose 4*z + u - 4*u - 59 = 0, -3*z + 38 = -u. Suppose -3*n + 4 = -z. What are the prime factors of n?
5
Let y(k) = k**2 - 4*k + 263. List the prime factors of y(14).
13, 31
Let p(v) = -4*v - 2. Let i be (3 - (3 - 14)) + -1. Let o = 7 - i. What are the prime factors of p(o)?
2, 11
Let g be 4/(2 - 4 - -3). Suppose -18 = -g*n + 2. Suppose -4*w + n*a - 2 = -58, 2*w - 28 = -4*a. What are the prime factors of w?
2, 7
Let s be (-27)/18*(-7)/((-84)/(-8)). Let i(k) be the third derivative of 11*k**4/12 + k**2. What are the prime factors of i(s)?
2, 11
Let d be 16/4*25/(-4). Let i = 27 + d. List the prime factors of 1/(-4*i/(-112)).
2, 7
Suppose 4*c = 3*c + 4. Let i be 37 - (c + 3 + -3). Suppose -3*w + y = 2*y - 19, 5*w + 3*y = i. List the prime factors of w.
2, 3
Let d = -65 + 69. List the prime factors of (-11)/((-11)/(-20))*d/(-5).
2
Let h be (-10)/45 + 205/(-9). Let m be ((-7)/7)/(1/(-50)). Let r = h + m. What are the prime factors of r?
3
Let d = -48 + 222. Suppose n + 7 = 5*o, 5*n + 3 = -4*o + 26. What are the prime factors of o - 2 - d/(-6)?
29
Let i(a) = -a**2 - a + 585. List the prime factors of i(0).
3, 5, 13
Let o(g) = -24*g**2 - 4*g - 3. Let i be o(-2). Let r = -23 - i. Let l = r - 37. List the prime factors of l.
31
Suppose -4*m - 42 = -2. Let p be 585/18*(-8)/m. What are the prime factors of p*-4*(-3)/24?
13
Let j be 10/20*(-672)/(-1). Suppose j = 5*i - i. What are the prime factors of i?
2, 3, 7
Let q(p) = -p**3 - p**2. Let o(r) = 3*r**3 - 2*r**2 - r - 12. Let j(c) = o(c) + 4*q(c). Let d = -390 - -383. What are the prime factors of j(d)?
2, 11
List the prime factors of (60/(-16) - -3)/((-6)/1704).
3, 71
Let h = -136 - -69. Let t be 4*(98/(-4))/(-1). Let x = t + h. List the prime factors of x.
31
Suppose -y + 153*g - 150*g + 3288 = 0, 0 = 4*g + 4. What are the prime factors of y?
3, 5, 73
Let v = 7 - -23. Let i = 10 + v. List the prime factors of i.
2, 5
Let z(q) = -5*q**3 - 3*q**2 - 4*q - 1. Let m be 3*(0 - 1)*19/19. List the prime factors of z(m).
7, 17
Let a(k) = -k**3 - 5*k**2 - 8*k - 4. Let r be a(-3). Suppose 3*b = -r*s + 622, 2*b - 597 = -s - 184. What are the prime factors of b?
2, 3, 17
What are the prime factors of 65*1 - (-1380)/(-138)?
5, 11
Let f be -1 + -2 + 4 - -7 - 3. Suppose -x + f*a + 87 = 0, -2*x + 0*x + 114 = 2*a. List the prime factors of x.
2, 31
Let i(z) = 3*z**3 - 27*z**2 + 205*z - 6. List the prime factors of i(7).
5, 227
Let u = -1444 + 1783. List the prime factors of u.
3, 113
Suppose 155 = 26*x - 27379. What are the prime factors of x?
3, 353
Suppose -9010 + 2188 = -6*j. List the prime factors of j.
3, 379
Suppose -i - 3 = -5. List the prime factors of 58 + -8 + -1 + i.
3, 17
Suppose 6*k - 1047 = 6045. List the prime factors of k.
2, 3, 197
Let i(z) = -6*z - 9. Let l be i(-6). Let y be (-1 + 0)*1 - l. Let v = 48 + y. List the prime factors of v.
2, 5
Suppose 3*f + l = 16, f + l = 6*f - 24. Suppose 2*u + f*q = -218, 2*q - 5*q - 6 = 0. List the prime factors of (-4)/26 - 6048/u.
2, 29
Let j be 3*(-60)/(-54) - 2/(-3). Suppose -5*a = -j*a - 259. What are the prime factors of a?
7, 37
Suppose -u + 2*l + 247 = -2*u, 2*l - 1283 = 5*u. What are the prime factors of u/(-6) - (-5)/(-10)?
2, 3, 7
Let p(c) = -4*c + 11. Let h be p(13). Let m = 105 + h. What are the prime factors of m?
2
Let t(b) = -b**3 + 7*b**2 + 19*b + 40. What are the prime factors of t(-9)?
5, 233
Let s(o) = o**2 + 3*o + 3. Let c be s(-4). Let u(p) = p**2 + 2*p + 3. List the prime factors of u(c).
2, 3, 11
What are the prime factors of -3*7624/(-24) - -3?
2, 239
Suppose 29*s + 120 = 32*s. Suppose 82 = -38*p + s*p. What are the prime factors of p?
41
Let y(b) be the second derivative of -b**5/20 - b**4/2 - 2*b**3/3 + 15*b**2/2 + 23*b. What are the prime factors of y(-7)?
2, 23
Suppose 2*g + 2 = -2*s, -3*g = 5*s + 5 - 2. Suppose 0 = -6*b - s*b + 372. List the prime factors of b.
2, 31
Suppose 5*p = 3*t - 52 + 361, 2*t = -6. Let j = p + 13. What are the prime factors of j?
73
Suppose -3*a + 498 = -4*m, -4*m = -3*a - a + 668. List the prime factors of a.
2, 5, 17
Let y(u) = 12*u + 29. Suppose 4*g + 2*j - 56 = -2*j, -5*j = 3*g - 50. List the prime factors of y(g).
149
Let g = -569 - -1882. List the prime factors of g.
13, 101
Let q = 41 + -25. What are the prime factors of (q/(-1))/(-6 - -5)?
2
Let w(b) = -b**3 + 13*b**2 - 5*b + 2. Let u = 7 + 5. What are the prime factors of w(u)?
2, 43
Suppose 0 = 4*v + 4*r - 1784, -10*r + 446 = v - 14*r. List the prime factors of v.
2, 223
Let m = -23 + 48. Suppose 4*t = -3*k + 207, 2*t + k - 76 = m. Suppose -5*w - 5*p = -70, 3*p = 2*w - 0*w - t. What are the prime factors of w?
2, 3
Let q = -624 - -622. Let z(s) = -s**3 - 4*s**2 + 4*s - 7. Let f be z(-5). List the prime factors of f/(-1 - q) + 27.
5
Suppose -m - t - t = -8, t - 6 = -m. Suppose 3*y + 612 - 94 = 4*b, 0 = m*b - y - 514. What are the prime factors of b?
2
Let x(l) = 0*l**2 + 107 - l**2 + 4 - 8*l + 3*l. What are the prime factors of x(0)?
3, 37
Suppose -817 = -6*z + 455. What are the prime factors of z?
2, 53
Let k(x) = x**3 + x**2 + 11. Let y be k(0). Let a(s) = 11*s - 4. Let f be a(y). Suppose -2*m - 2*b - b = -40, -5*m + b = -f. List the prime factors of m.
23
Let d be 181*1 - 2/1. Let n = -110 + d. List the prime factors of n.
3, 23
Let b = 902 + -549. What are the prime factors of b?
353
Let i be 938/12 + 4/(-24). Suppose 5*b - 167 - i = 0. What are the prime factors of b?
7
Let l(h) = 2*h**3 - h**2 - h + 1. Let q be l(1). What are the prime factors of -3*(q + ((-112)/12 - -1))?
2, 11
Let z(m) be the second derivative of 9*m + 0 + 1/3*m**3 + 7/3*m**4 + m**2. What are the prime factors of z(-1)?
2, 7
Let r be (-1 - -3) + 1 + -1. Let d(f) = 4*f**2 + 2 - 26*f**3 - 1 - 3*f**r + f. What are the prime factors of d(-1)?
3
Let d = -1026 + 2735. What are the prime factors of d?
1709
Suppose -2*y + 2*k = -6*y + 5032, -3*k - 6 = 0. What are the prime factors of y?
1259
Suppose 0 = 4*b + c - 213, -5*b + 5*c + 18 = -267. Let j be b + (4 - 2) + 0. S